7
List the prime factors of 4971.
3, 1657
What are the prime factors of 1237?
1237
What are the prime factors of 2412?
2, 3, 67
List the prime factors of 2256.
2, 3, 47
List the prime factors of 1395.
3, 5, 31
What are the prime factors of 114867?
3, 12763
What are the prime factors of 147960?
2, 3, 5, 137
What are the prime factors of 77354?
2, 38677
List the prime factors of 49798.
2, 7, 3557
List the prime factors of 100.
2, 5
List the prime factors of 133771.
11, 12161
What are the prime factors of 26935?
5, 5387
List the prime factors of 2553.
3, 23, 37
What are the prime factors of 16706?
2, 8353
What are the prime factors of 32990?
2, 5, 3299
List the prime factors of 124519.
239, 521
What are the prime factors of 3513?
3, 1171
What are the prime factors of 34393?
163, 211
What are the prime factors of 1060?
2, 5, 53
List the prime factors of 4743.
3, 17, 31
What are the prime factors of 29386?
2, 7, 2099
List the prime factors of 6535.
5, 1307
What are the prime factors of 4235?
5, 7, 11
List the prime factors of 55859.
83, 673
What are the prime factors of 34166?
2, 11, 1553
List the prime factors of 3679.
13, 283
What are the prime factors of 20436?
2, 3, 13, 131
List the prime factors of 40708.
2, 10177
What are the prime factors of 16111?
16111
List the prime factors of 11373.
3, 17, 223
List the prime factors of 1163.
1163
List the prime factors of 7012.
2, 1753
List the prime factors of 2843.
2843
What are the prime factors of 17695?
5, 3539
List the prime factors of 400.
2, 5
What are the prime factors of 858?
2, 3, 11, 13
List the prime factors of 17598.
2, 3, 7, 419
What are the prime factors of 4182?
2, 3, 17, 41
What are the prime factors of 748?
2, 11, 17
What are the prime factors of 1495?
5, 13, 23
List the prime factors of 752.
2, 47
What are the prime factors of 336?
2, 3, 7
What are the prime factors of 14814?
2, 3, 823
List the prime factors of 2361.
3, 787
List the prime factors of 31135.
5, 13, 479
List the prime factors of 2595.
3, 5, 173
List the prime factors of 2408.
2, 7, 43
What are the prime factors of 620?
2, 5, 31
List the prime factors of 8951.
8951
What are the prime factors of 373?
373
What are the prime factors of 10690?
2, 5, 1069
List the prime factors of 862.
2, 431
List the prime factors of 4332.
2, 3, 19
What are the prime factors of 1197?
3, 7, 19
What are the prime factors of 166?
2, 83
What are the prime factors of 861?
3, 7, 41
What are the prime factors of 2795?
5, 13, 43
List the prime factors of 88763.
37, 2399
List the prime factors of 1638.
2, 3, 7, 13
What are the prime factors of 31190?
2, 5, 3119
What are the prime factors of 27410?
2, 5, 2741
What are the prime factors of 949?
13, 73
List the prime factors of 2456.
2, 307
List the prime factors of 1373.
1373
What are the prime factors of 162268?
2, 113, 359
What are the prime factors of 33976?
2, 31, 137
List the prime factors of 40531.
40531
List the prime factors of 1317.
3, 439
What are the prime factors of 10059?
3, 7, 479
What are the prime factors of 17172?
2, 3, 53
What are the prime factors of 1042?
2, 521
List the prime factors of 82852.
2, 7, 11, 269
What are the prime factors of 58868?
2, 14717
What are the prime factors of 6137?
17, 19
What are the prime factors of 86779?
7, 11, 23
What are the prime factors of 29034?
2, 3, 1613
What are the prime factors of 7935?
3, 5, 23
What are the prime factors of 12677?
7, 1811
What are the prime factors of 46619?
46619
List the prime factors of 1187.
1187
List the prime factors of 12857.
13, 23, 43
List the prime factors of 7326.
2, 3, 11, 37
What are the prime factors of 78431?
107, 733
What are the prime factors of 6819?
3, 2273
List the prime factors of 25969.
25969
What are the prime factors of 1232?
2, 7, 11
What are the prime factors of 4012?
2, 17, 59
What are the prime factors of 65629?
65629
List the prime factors of 27196.
2, 13, 523
List the prime factors of 2548.
2, 7, 13
What are the prime factors of 700?
2, 5, 7
What are the prime factors of 2372?
2, 593
List the prime factors of 1644.
2, 3, 137
What are the prime factors of 260?
2, 5, 13
List the prime factors of 4970.
2, 5, 7, 71
What are the prime factors of 1841?
7, 263
What are the prime factors of 34251?
3, 7, 233
List the prime factors of 23252.
2, 5813
List the prime factors of 47295.
3, 5, 1051
What are the prime factors of 1296?
2, 3
List the prime factors of 1609.
1609
List the prime factors of 1639.
11, 149
What are the prime factors of 19439?
7, 2777
List the prime factors of 5745.
3, 5, 383
List the prime factors of 1341.
3, 149
List the prime factors of 1466.
2, 733
List the prime factors of 15086.
2, 19, 397
List the prime factors of 362.
2, 181
What are the prime factors of 723?
3, 241
List the prime factors of 22698.
2, 3, 13, 97
List the prime factors of 1702.
2, 23, 37
List the prime factors of 2521.
2521
What are the prime factors of 95141?
89, 1069
List the prime factors of 4569.
3, 1523
What are the prime factors of 52368?
2, 3, 1091
List the prime factors of 1437.
3, 479
What are the prime factors of 609?
3, 7, 29
List the prime factors of 10883.
10883
List the prime factors of 5803.
7, 829
What are the prime factors of 91013?
13, 7001
What are the prime factors of 3628?
2, 907
What are the prime factors of 508?
2, 127
List the prime factors of 1878.
2, 3, 313
List the prime factors of 68466.
2, 3, 11411
What are the prime factors of 45426?
2, 3, 67, 113
What are the prime factors of 918?
2, 3, 17
List the prime factors of 1969.
11, 179
List the prime factors of 15222.
2, 3, 43, 59
What are the prime factors of 668?
2, 167
What are the prime factors of 5475?
3, 5, 73
List the prime factors of 40595.
5, 23, 353
What are the prime factors of 10655?
5, 2131
List the prime factors of 1635.
3, 5, 109
List the prime factors of 52652.
2, 13163
List the prime factors of 126569.
23, 5503
What are the prime factors of 2076?
2, 3, 173
List the prime factors of 3993.
3, 11
List the prime factors of 37503.
3, 463
What are the prime factors of 213?
3, 71
What are the prime factors of 1971?
3, 73
What are the prime factors of 2936?
2, 367
What are the prime factors of 4636?
2, 19, 61
List the prime factors of 803.
11, 73
What are the prime factors of 3396?
2, 3, 283
What are the prime factors of 1521?
3, 13
List the prime factors of 1529.
11, 139
What are the prime factors of 18757?
18757
What are the prime factors of 987?
3, 7, 47
List the prime factors of 10734.
2, 3, 1789
What are the prime factors of 52056?
2, 3, 241
What are the prime factors of 733?
733
What are the prime factors of 11215?
5, 2243
List the prime factors of 2747.
41, 67
What are the prime factors of 436?
2, 109
What are the prime factors of 25999?
25999
List the prime factors of 783.
3, 29
List the prime factors of 1194.
2, 3, 199
List the prime factors of 5799.
3, 1933
What are the prime factors of 51298?
2, 13, 1973
What are the prime factors of 24931?
107, 233
List the prime factors of 1058.
2, 23
What are the prime factors of 152?
2, 19
What are the prime factors of 110218?
2, 55109
What are the prime factors of 554?
2, 277
What are the prime factors of 11062?
2, 5531
List the prime factors of 73867.
73867
What are the prime factors of 42537?
3, 11, 1289
List the prime factors of 950.
2, 5, 19
What are the prime factors of 2374?
2, 1187
List the prime factors of 12070.
2, 5, 17, 71
What are the prime factors of 2431?
11, 13, 17
What are the prime factors of 43918?
2, 7, 3137
List the prime factors of 3362.
2, 41
What are the prime factors of 19651?
43, 457
What are the prime factors of 33114?
2, 3, 5519
What are the prime factors of 2945?
5, 19, 31
List the prime factors of 15767.
15767
What are the prime factors of 2465?
5, 17, 29
What are the prime factors of 8875?
5, 71
List the prime factors of 39954.
2, 3, 6659
List the prime factors of 85093.
85093
List the prime factors of 1526.
2, 7, 109
What are the prime factors of 4122?
2, 3, 229
List the prime factors of 114138.
2, 3, 17, 373
List the prime factors of 1242.
2, 3, 23
What are the prime factors of 5384?
2, 673
What are the prime factors of 11286?
2, 3, 11, 19
List the prime factors of 50235.
3, 5, 17, 197
What are the prime factors of 73356?
2, 3, 6113
List the prime fac